{"id":2448,"date":"2021-04-26T17:51:35","date_gmt":"2021-04-26T15:51:35","guid":{"rendered":"http:\/\/nbmkaes.cluster027.hosting.ovh.net\/?page_id=2448"},"modified":"2021-05-06T13:45:48","modified_gmt":"2021-05-06T13:45:48","slug":"code-de-conduite-au-gsfa","status":"publish","type":"page","link":"https:\/\/lafarandole.ma\/index.php\/code-de-conduite-au-gsfa\/","title":{"rendered":"CODE DE CONDUITE DE L\u2019ELEVE"},"content":{"rendered":"<div class=\"wpb-content-wrapper\"><p>[vc_row][vc_column]<div class=\"dt-fancy-separator h3-size\" style=\"width: 100%;\"><div class=\"dt-fancy-title\"><span class=\"separator-holder separator-left\"><\/span>Code de conduite au GSFA et r\u00e8gles de fonctionnement<span class=\"separator-holder separator-right\"><\/span><\/div><\/div>[vc_empty_space][\/vc_column][\/vc_row][vc_row][vc_column][vc_column_text]<\/p>\n<ul>\n<li style=\"font-weight: 400;\" aria-level=\"1\">\n<h2><span style=\"font-weight: 400;\">\u00a0<strong>Pourquoi un code de conduite\u00a0?<\/strong><\/span><\/h2>\n<\/li>\n<\/ul>\n<p><span style=\"font-weight: 400;\">L\u2019apprentissage de r\u00e8gles du civisme fait partie d\u2019une bonne \u00e9ducation de base. Au GSFA, nous souhaitons favoriser un environnement s\u00e9curitaire pour chaque personne et un climat agr\u00e9able qui soit propice aux apprentissages.\u00a0<\/span><\/p>\n<p><span style=\"font-weight: 400;\">Nous nous engageons \u00e0 fournir un environnement s\u00e9curitaire, agr\u00e9able et accueillant \u00e0 tous les \u00e9l\u00e8ves et les adultes.\u00a0<\/span><\/p>\n<ul>\n<li style=\"font-weight: 400;\" aria-level=\"1\">\n<h2><span style=\"font-weight: 400;\">\u00a0<strong>Ses principes<\/strong><\/span><\/h2>\n<\/li>\n<\/ul>\n<p><span style=\"font-weight: 400;\">Les r\u00e8gles de conduite reposent sur des valeurs importantes partag\u00e9es par tous : l\u2019estime de soi, le respect des autres, l\u2019autonomie et la motivation. Nous reconnaissons le droit \u00e0 l\u2019erreur.<\/span><\/p>\n<p><span style=\"font-weight: 400;\">Chaque \u00e9l\u00e8ve et ses parents sont inform\u00e9s des r\u00e8gles de fonctionnement de l\u2019\u00e9cole et des r\u00e8gles de conduite pour les \u00e9l\u00e8ves. Ils en comprennent le pourquoi.<\/span><\/p>\n<p><span style=\"font-weight: 400;\">Tous les intervenants de l\u2019\u00e9cole collaborent \u00e0 faire appliquer le code de vie; ainsi, la continuit\u00e9 et la coh\u00e9rence aupr\u00e8s de l\u2019\u00e9l\u00e8ve sont assur\u00e9es.<\/span><\/p>\n<p><span style=\"font-weight: 400;\">Les cons\u00e9quences ou les gestes r\u00e9parateurs permettent de soutenir l\u2019\u00e9l\u00e8ve dans sa d\u00e9marche de respect du code de vie.<\/span><\/p>\n<p><span style=\"font-weight: 400;\">L\u2019\u00e9l\u00e8ve s\u2019engage personnellement \u00e0 respecter le code de vie, car il est le premier responsable de ses paroles et de ses gestes.<\/span><\/p>\n<ul>\n<li style=\"font-weight: 400;\" aria-level=\"1\">\n<h2><span style=\"font-weight: 400;\">\u00a0<strong>J\u2019y crois, je m\u2019engage<\/strong><\/span><\/h2>\n<\/li>\n<\/ul>\n<p style=\"padding-left: 40px;\"><span style=\"color: #1c66a0;\"><strong>JE DOIS ETRE PONCTUEL ET ASSIDU\u2026<\/strong><\/span><\/p>\n<ul>\n<li style=\"list-style-type: none;\">\n<ul>\n<li style=\"list-style-type: none;\">\n<ul>\n<li style=\"font-weight: 400;\" aria-level=\"1\"><span style=\"font-weight: 400;\">Je dois arriver \u00e0 l\u2019\u00e9cole le matin \u00e0 8h15 pr\u00e9cises et rejoindre respectueusement ma salle de classe en compagnie de mon (ma) ma\u00eetre (esse).<\/span><\/li>\n<li style=\"font-weight: 400;\" aria-level=\"1\"><span style=\"font-weight: 400;\">Si j\u2019arrive t\u00f4t le matin, je dois rester sous la surveillance de la ma\u00eetresse de garde.<\/span><\/li>\n<li style=\"font-weight: 400;\" aria-level=\"1\"><span style=\"font-weight: 400;\">\u00a0En cas de retard, je dois me pr\u00e9senter en compagnie d\u2019un de mes parents, au secr\u00e9tariat, pour y retirer un billet d\u2019entr\u00e9e.\u00a0<\/span><\/li>\n<\/ul>\n<\/li>\n<\/ul>\n<\/li>\n<\/ul>\n<p style=\"padding-left: 40px;\"><span style=\"color: #1c66a0;\"><strong>J\u2019AGIS AVEC PRUDENCE\u00a0 ET S\u00c9CURIT\u00c9\u2026<\/strong><\/span><\/p>\n<ul>\n<li style=\"list-style-type: none;\">\n<ul>\n<li style=\"list-style-type: none;\">\n<ul>\n<li style=\"font-weight: 400;\" aria-level=\"1\"><span style=\"font-weight: 400;\">Je me d\u00e9place d\u2019une fa\u00e7on s\u00e9curitaire pour moi et les autres, sans bousculer ou pousser.<\/span><\/li>\n<li style=\"font-weight: 400;\" aria-level=\"1\"><span style=\"font-weight: 400;\">Je suis toujours sous la surveillance d\u2019un adulte \u00e0 moins d\u2019avoir re\u00e7u une autorisation.<\/span><\/li>\n<li style=\"font-weight: 400;\" aria-level=\"1\"><span style=\"font-weight: 400;\">J\u2019\u00e9vite les bousculades, le \u00ab tiraillage \u00bb, les jambettes et en aucun temps, je ne frappe ou pousse les autres.<\/span><\/li>\n<\/ul>\n<\/li>\n<\/ul>\n<\/li>\n<\/ul>\n<p style=\"padding-left: 40px;\"><span style=\"color: #1c66a0;\"><strong>JE PRENDS SOIN DU MAT\u00c9RIEL MIS \u00c0 MA DISPOSITION ET DE MON ENVIRONNEMENT&#8230;<\/strong><\/span><\/p>\n<ul>\n<li style=\"list-style-type: none;\">\n<ul>\n<li style=\"list-style-type: none;\">\n<ul>\n<li style=\"font-weight: 400;\" aria-level=\"1\"><span style=\"font-weight: 400;\">Je prends soin des objets qu\u2019on m\u2019a pr\u00eat\u00e9s.<\/span><\/li>\n<li style=\"font-weight: 400;\" aria-level=\"1\"><span style=\"font-weight: 400;\">J\u2019\u00e9vite toute forme de vandalisme.<\/span><\/li>\n<li style=\"font-weight: 400;\" aria-level=\"1\"><span style=\"font-weight: 400;\">Je demande la permission avant d\u2019emprunter ou de prendre les objets des autres ou de l\u2019\u00e9cole.<\/span><\/li>\n<li style=\"font-weight: 400;\" aria-level=\"1\"><span style=\"font-weight: 400;\">En tout temps, je garde les lieux propres.<\/span><\/li>\n<\/ul>\n<\/li>\n<\/ul>\n<\/li>\n<\/ul>\n<p style=\"padding-left: 40px;\"><strong><span style=\"color: #1c66a0;\">JE FAIS PREUVE DE RESPECT ET DE COURTOISIE\u2026<\/span><\/strong><\/p>\n<ul>\n<li style=\"list-style-type: none;\">\n<ul>\n<li style=\"list-style-type: none;\">\n<ul>\n<li style=\"font-weight: 400;\" aria-level=\"1\"><span style=\"font-weight: 400;\">J\u2019ai une tenue vestimentaire convenable et d\u00e9cente.<\/span><\/li>\n<li style=\"font-weight: 400;\" aria-level=\"1\"><span style=\"font-weight: 400;\">Je ne m\u00e2che pas de gomme.<\/span><\/li>\n<li style=\"font-weight: 400;\" aria-level=\"1\"><span style=\"font-weight: 400;\">Je m\u2019adresse aux autres sur un ton convenable et en utilisant un langage respectueux.<\/span><\/li>\n<li style=\"font-weight: 400;\" aria-level=\"1\"><span style=\"font-weight: 400;\">Je circule en marchant, sans perdre de temps et sans faire de bruit dans l\u2019\u00e9cole.<\/span><\/li>\n<li style=\"font-weight: 400;\" aria-level=\"1\"><span style=\"font-weight: 400;\">Je n\u2019agace pas et je n\u2019intimide pas les autres.<\/span><\/li>\n<li style=\"font-weight: 400;\" aria-level=\"1\"><span style=\"font-weight: 400;\">Je r\u00e8gle mes conflits autrement que par la violence et, au besoin, je demande l\u2019aide d\u2019un adulte.<\/span><\/li>\n<\/ul>\n<\/li>\n<\/ul>\n<\/li>\n<\/ul>\n<p style=\"padding-left: 40px;\"><strong><span style=\"color: #1c66a0;\">J\u2019ENTRETIENS DE BONNES RELATIONS AVEC TOUT LE PERSONNEL\u2026<\/span><\/strong><\/p>\n<ul>\n<li style=\"list-style-type: none;\">\n<ul>\n<li style=\"list-style-type: none;\">\n<ul>\n<li style=\"font-weight: 400;\" aria-level=\"1\"><span style=\"font-weight: 400;\">J\u2019\u00e9coute ce que mon (ma) ma\u00eetre(sse) me demande et j\u2019agis en cons\u00e9quence.\u00a0<\/span><\/li>\n<li style=\"font-weight: 400;\" aria-level=\"1\"><span style=\"font-weight: 400;\">Je suis poli et respectueux en gestes et en paroles.<\/span><\/li>\n<li style=\"font-weight: 400;\" aria-level=\"1\"><span style=\"font-weight: 400;\">J\u2019interpelle les adultes d\u2019une mani\u00e8re polie en \u00e9vitant les familiarit\u00e9s (s.v.p. merci, excusez-moi\u2026).<\/span><\/li>\n<\/ul>\n<\/li>\n<\/ul>\n<\/li>\n<li style=\"font-weight: 400;\" aria-level=\"1\">\n<h2><span style=\"font-weight: 400;\">\u00a0<strong>Mesures \u00e9ducatives : cons\u00e9quences<\/strong><\/span><\/h2>\n<\/li>\n<\/ul>\n<p style=\"padding-left: 40px;\"><span style=\"font-weight: 400;\">En d\u00e9but d\u2019ann\u00e9e, je m\u2019engage \u00e0 respecter le code de vie de l\u2019\u00e9cole en signant\u00a0 \u00abl\u2019engagement de l\u2019\u00e9l\u00e8ve \u00bb que je remets \u00e0 mon titulaire.<\/span><\/p>\n<p style=\"padding-left: 40px;\"><span style=\"font-weight: 400;\">Si je ne respecte pas les r\u00e8gles, j\u2019accepte de perdre certains privil\u00e8ges et je recevrai une ou plusieurs cons\u00e9quences selon la gravit\u00e9 du manquement :<\/span><\/p>\n<ul>\n<li style=\"list-style-type: none;\">\n<ul>\n<li style=\"list-style-type: none;\">\n<ul>\n<li style=\"font-weight: 400;\" aria-level=\"1\"><span style=\"font-weight: 400;\">Avertissement verbal\u00a0<\/span><\/li>\n<li style=\"font-weight: 400;\" aria-level=\"1\"><span style=\"font-weight: 400;\">Appel t\u00e9l\u00e9phonique aux parents\u00a0<\/span><\/li>\n<li style=\"font-weight: 400;\" aria-level=\"1\"><span style=\"font-weight: 400;\">Perte de r\u00e9cr\u00e9ation\u00a0<\/span><\/li>\n<li style=\"font-weight: 400;\" aria-level=\"1\"><span style=\"font-weight: 400;\">Suspension interne\u00a0<\/span><\/li>\n<li style=\"font-weight: 400;\" aria-level=\"1\"><span style=\"font-weight: 400;\">Perte d\u2019un privil\u00e8ge accord\u00e9\u00a0<\/span><\/li>\n<li style=\"font-weight: 400;\" aria-level=\"1\"><span style=\"font-weight: 400;\">Carton \u00ab\u00a0Penses-y\u00a0\u00bb<\/span><\/li>\n<li style=\"font-weight: 400;\" aria-level=\"1\"><span style=\"font-weight: 400;\">Retrait du jeu<\/span><\/li>\n<li style=\"font-weight: 400;\" aria-level=\"1\"><span style=\"font-weight: 400;\">Rencontre \u00e0 l\u2019\u00e9cole avec mes parents<\/span><\/li>\n<li style=\"font-weight: 400;\" aria-level=\"1\"><span style=\"font-weight: 400;\">Message aux parents sur le cahier de texte<\/span><\/li>\n<\/ul>\n<\/li>\n<\/ul>\n<\/li>\n<\/ul>\n<ul>\n<li style=\"font-weight: 400;\" aria-level=\"1\">\n<h2><strong>\u00a0Gestes r\u00e9parateurs<\/strong><\/h2>\n<\/li>\n<\/ul>\n<p style=\"padding-left: 40px;\"><span style=\"font-weight: 400;\">En faisant une r\u00e9paration :<\/span><\/p>\n<p style=\"padding-left: 40px;\"><span style=\"font-weight: 400;\">Je prends mes responsabilit\u00e9s, j\u2019apprends de mes erreurs et je montre \u00e0 l\u2019autre que je me soucie de lui.<\/span><\/p>\n<p style=\"padding-left: 40px;\"><span style=\"font-weight: 400;\">R\u00e9parations possibles :<\/span><\/p>\n<ul>\n<li style=\"list-style-type: none;\">\n<ul>\n<li style=\"list-style-type: none;\">\n<ul>\n<li style=\"font-weight: 400;\" aria-level=\"1\"><span style=\"font-weight: 400;\">Je propose moi-m\u00eame un moyen de r\u00e9parer.\u00a0<\/span><\/li>\n<li style=\"font-weight: 400;\" aria-level=\"1\"><span style=\"font-weight: 400;\">Je fais un dessin ou une carte d\u2019excuses.<\/span><\/li>\n<li style=\"font-weight: 400;\" aria-level=\"1\"><span style=\"font-weight: 400;\">J\u2019apporte mon aide dans une mati\u00e8re.<\/span><\/li>\n<li style=\"font-weight: 400;\" aria-level=\"1\"><span style=\"font-weight: 400;\">Je d\u00e9bourse les frais de r\u00e9paration ou le remplacement de l\u2019objet ou du livre.<\/span><\/li>\n<li style=\"font-weight: 400;\" aria-level=\"1\"><span style=\"font-weight: 400;\">Je fais une pr\u00e9sentation sur l\u2019importance d\u2019adopter un comportement ad\u00e9quat.<\/span><\/li>\n<li style=\"font-weight: 400;\" aria-level=\"1\"><span style=\"font-weight: 400;\">Je fais une affiche illustrant le comportement ad\u00e9quat.<\/span><\/li>\n<li style=\"font-weight: 400;\" aria-level=\"1\"><span style=\"font-weight: 400;\">Je nettoie mon d\u00e9g\u00e2t.\u00a0<\/span><\/li>\n<\/ul>\n<\/li>\n<\/ul>\n<\/li>\n<li style=\"font-weight: 400;\" aria-level=\"1\">\n<h2><span style=\"font-weight: 400;\">\u00a0<strong>R\u00e9compenses et privil\u00e8ges<\/strong><\/span><\/h2>\n<\/li>\n<\/ul>\n<p style=\"padding-left: 40px;\"><span style=\"font-weight: 400;\">Si je respecte les r\u00e8gles de vie de l\u2019\u00e9cole, si je m\u2019implique activement et positivement \u00e0 l\u2019\u00e9cole, je pourrai b\u00e9n\u00e9ficier de plusieurs avantages :<\/span><\/p>\n<ul>\n<li style=\"list-style-type: none;\">\n<ul>\n<li style=\"list-style-type: none;\">\n<ul>\n<li style=\"font-weight: 400;\" aria-level=\"1\"><span style=\"font-weight: 400;\">Mention d\u2019un \u00ab Bon comportement ! \u00bb,<\/span><\/li>\n<li style=\"font-weight: 400;\" aria-level=\"1\"><span style=\"font-weight: 400;\">R\u00e9compenses en classe;<\/span><\/li>\n<li style=\"font-weight: 400;\" aria-level=\"1\"><span style=\"font-weight: 400;\">F\u00e9licitations de mon titulaire et des autres intervenants, f\u00eates, surprises ;<\/span><\/li>\n<li style=\"font-weight: 400;\" aria-level=\"1\"><span style=\"font-weight: 400;\">Encouragement de mes amis, reconnaissance, etc.<\/span><\/li>\n<li style=\"font-weight: 400;\" aria-level=\"1\"><span style=\"font-weight: 400;\">\u00c9toile<\/span><span style=\"font-weight: 400;\"> de LA FARANDOLE.<\/span><\/li>\n<\/ul>\n<\/li>\n<\/ul>\n<\/li>\n<\/ul>\n<p><strong><span style=\"color: #ed691c;\">Nous\u00a0encourageons \u00e9galement les parents et tuteurs de nos \u00e9l\u00e8ves\u00a0\u00e0 appuyer les efforts que d\u00e9ploie le GSFA afin d\u2019offrir \u00e0 chaque \u00e9l\u00e8ve un climat d\u2019apprentissage s\u00e9curitaire et respectueux.\u00a0<\/span><\/strong>[\/vc_column_text][vc_row_inner][vc_column_inner width=\u00a0\u00bb1\/4&Prime;]<style type=\"text\/css\" data-type=\"the7_shortcodes-inline-css\">#default-btn-e1029ffe49625b0254358a303042cae7.ico-right-side > i {\n  margin-right: 0px;\n  margin-left: 8px;\n}\n#default-btn-e1029ffe49625b0254358a303042cae7 > i {\n  margin-right: 8px;\n}\n#default-btn-e1029ffe49625b0254358a303042cae7 * {\n  vertical-align: middle;\n}\n<\/style><div class=\"btn-align-center\"><a href=\"https:\/\/lafarandole.ma\/#SERVICE\" class=\"default-btn-shortcode dt-btn dt-btn-l fadeInLeft animate-element animation-builder link-hover-off full-width-btn \" id=\"default-btn-e1029ffe49625b0254358a303042cae7\"><i class=\"fas fa-concierge-bell\"><\/i><span>Services Scolaires<\/span><\/a><\/div>[\/vc_column_inner][vc_column_inner width=\u00a0\u00bb1\/4&Prime;]<style type=\"text\/css\" data-type=\"the7_shortcodes-inline-css\">#default-btn-428df1d2141373d267ce0585fa8e7906.ico-right-side > i {\n  margin-right: 0px;\n  margin-left: 8px;\n}\n#default-btn-428df1d2141373d267ce0585fa8e7906 > i {\n  margin-right: 8px;\n}\n#default-btn-428df1d2141373d267ce0585fa8e7906 * {\n  vertical-align: middle;\n}\n<\/style><div class=\"btn-align-center\"><a href=\"https:\/\/forms.office.com\/Pages\/ResponsePage.aspx?id=YPmXBK8FkkWk2yMyTaK42lkTjNXpSHZOsJqN7LtfVnlURTNPREFaTVA3WTYxT0tLWk9WN1U2TExCRy4u\" class=\"default-btn-shortcode dt-btn dt-btn-l fadeInLeft animate-element animation-builder link-hover-off full-width-btn \" target=\"_blank\" id=\"default-btn-428df1d2141373d267ce0585fa8e7906\" rel=\"noopener\"><i class=\"fas fa-user-edit\"><\/i><span>PRENDRE RDV MAINTENANT<\/span><\/a><\/div>[\/vc_column_inner][vc_column_inner width=\u00a0\u00bb1\/4&Prime;][\/vc_column_inner][vc_column_inner width=\u00a0\u00bb1\/4&Prime;][\/vc_column_inner][\/vc_row_inner][\/vc_column][\/vc_row]<\/p>\n<\/div>","protected":false},"excerpt":{"rendered":"<p>[vc_row][vc_column][vc_empty_space][\/vc_column][\/vc_row][vc_row][vc_column][vc_column_text] \u00a0Pourquoi un code de conduite\u00a0? L\u2019apprentissage de r\u00e8gles du civisme fait partie d\u2019une bonne \u00e9ducation de base. Au GSFA, nous souhaitons favoriser un environnement s\u00e9curitaire pour chaque personne et un climat agr\u00e9able qui soit propice aux apprentissages.\u00a0 Nous nous engageons \u00e0 fournir un environnement s\u00e9curitaire, agr\u00e9able et accueillant \u00e0 tous les \u00e9l\u00e8ves et les&hellip;<\/p>\n","protected":false},"author":1,"featured_media":0,"parent":0,"menu_order":0,"comment_status":"closed","ping_status":"closed","template":"","meta":[],"class_list":["post-2448","page","type-page","status-publish","hentry","description-off"],"_links":{"self":[{"href":"https:\/\/lafarandole.ma\/index.php\/wp-json\/wp\/v2\/pages\/2448","targetHints":{"allow":["GET"]}}],"collection":[{"href":"https:\/\/lafarandole.ma\/index.php\/wp-json\/wp\/v2\/pages"}],"about":[{"href":"https:\/\/lafarandole.ma\/index.php\/wp-json\/wp\/v2\/types\/page"}],"author":[{"embeddable":true,"href":"https:\/\/lafarandole.ma\/index.php\/wp-json\/wp\/v2\/users\/1"}],"replies":[{"embeddable":true,"href":"https:\/\/lafarandole.ma\/index.php\/wp-json\/wp\/v2\/comments?post=2448"}],"version-history":[{"count":11,"href":"https:\/\/lafarandole.ma\/index.php\/wp-json\/wp\/v2\/pages\/2448\/revisions"}],"predecessor-version":[{"id":2633,"href":"https:\/\/lafarandole.ma\/index.php\/wp-json\/wp\/v2\/pages\/2448\/revisions\/2633"}],"wp:attachment":[{"href":"https:\/\/lafarandole.ma\/index.php\/wp-json\/wp\/v2\/media?parent=2448"}],"curies":[{"name":"wp","href":"https:\/\/api.w.org\/{rel}","templated":true}]}}